{"version":"1.0","provider_name":"Bellunopress - Dolomiti","provider_url":"https:\/\/www.bellunopress.it\/fr","author_name":"redazione","author_url":"https:\/\/www.bellunopress.it\/fr\/author\/redazione\/","title":"Grave incidente in Val Rosna - Bellunopress - Dolomiti","type":"rich","width":600,"height":338,"html":"<blockquote class=\"wp-embedded-content\" data-secret=\"yKPrl6Ktaz\"><a href=\"https:\/\/www.bellunopress.it\/fr\/2026\/06\/28\/grave-incidente-in-val-rosna\/\">Grave incidente in Val Rosna<\/a><\/blockquote><iframe sandbox=\"allow-scripts\" security=\"restricted\" src=\"https:\/\/www.bellunopress.it\/fr\/2026\/06\/28\/grave-incidente-in-val-rosna\/embed\/#?secret=yKPrl6Ktaz\" width=\"600\" height=\"338\" title=\"\u00ab\u00a0Grave incidente in Val Rosna\u00a0\u00bb &#8212; Bellunopress - Dolomiti\" data-secret=\"yKPrl6Ktaz\" frameborder=\"0\" marginwidth=\"0\" marginheight=\"0\" scrolling=\"no\" class=\"wp-embedded-content\"><\/iframe><script>\n\/*! This file is auto-generated *\/\n!function(d,l){\"use strict\";l.querySelector&&d.addEventListener&&\"undefined\"!=typeof URL&&(d.wp=d.wp||{},d.wp.receiveEmbedMessage||(d.wp.receiveEmbedMessage=function(e){var t=e.data;if((t||t.secret||t.message||t.value)&&!\/[^a-zA-Z0-9]\/.test(t.secret)){for(var s,r,n,a=l.querySelectorAll('iframe[data-secret=\"'+t.secret+'\"]'),o=l.querySelectorAll('blockquote[data-secret=\"'+t.secret+'\"]'),c=new RegExp(\"^https?:$\",\"i\"),i=0;i<o.length;i++)o[i].style.display=\"none\";for(i=0;i<a.length;i++)s=a[i],e.source===s.contentWindow&&(s.removeAttribute(\"style\"),\"height\"===t.message?(1e3<(r=parseInt(t.value,10))?r=1e3:~~r<200&&(r=200),s.height=r):\"link\"===t.message&&(r=new URL(s.getAttribute(\"src\")),n=new URL(t.value),c.test(n.protocol))&&n.host===r.host&&l.activeElement===s&&(d.top.location.href=t.value))}},d.addEventListener(\"message\",d.wp.receiveEmbedMessage,!1),l.addEventListener(\"DOMContentLoaded\",function(){for(var e,t,s=l.querySelectorAll(\"iframe.wp-embedded-content\"),r=0;r<s.length;r++)(t=(e=s[r]).getAttribute(\"data-secret\"))||(t=Math.random().toString(36).substring(2,12),e.src+=\"#?secret=\"+t,e.setAttribute(\"data-secret\",t)),e.contentWindow.postMessage({message:\"ready\",secret:t},\"*\")},!1)))}(window,document);\n\/\/# sourceURL=https:\/\/www.bellunopress.it\/wp-includes\/js\/wp-embed.min.js\n<\/script>","thumbnail_url":"https:\/\/www.bellunopress.it\/wp-content\/uploads\/2023\/04\/Soccorso-Suem-118_edited.jpg","thumbnail_width":750,"thumbnail_height":1000,"description":"Sovramonte (BL), 28 &#8211; 06 &#8211; 2026\u00a0 \u00a0Presa la traccia che dal sentiero della Val Rosna porta sul Cismon, un uomo (del quale al momento non sono note le generalit\u00e0) \u00e8 scivolato sul ripido percorso reso viscido dal fogliame e dalle pietre bagnate, \u00e8 caduto sulla roccia sottostante, dopo un volo di 7 metri, e [&hellip;]"}

Sovramonte (BL), 28 &#8211; 06 &#8211; 2026   Presa la traccia che dal sentiero della Val Rosna porta sul Cismon, un uomo (del quale al momento non sono note le generalità) è scivolato sul ripido percorso reso viscido dal fogliame e dalle pietre bagnate, è caduto sulla roccia sottostante, dopo un volo di 7 metri, e [&hellip;]
