{"version":"1.0","provider_name":"Bellunopress - Dolomiti","provider_url":"https:\/\/www.bellunopress.it\/fr","author_name":"redazione","author_url":"https:\/\/www.bellunopress.it\/fr\/author\/redazione\/","title":"Franco Stien eletto segretario della Lega a Feltre - Bellunopress - Dolomiti","type":"rich","width":600,"height":338,"html":"<blockquote class=\"wp-embedded-content\" data-secret=\"PtYi8ZJUe8\"><a href=\"https:\/\/www.bellunopress.it\/fr\/2022\/11\/12\/franco-stien-eletto-segretario-della-lega-a-feltre\/\">Franco Stien eletto segretario della Lega a Feltre<\/a><\/blockquote><iframe sandbox=\"allow-scripts\" security=\"restricted\" src=\"https:\/\/www.bellunopress.it\/fr\/2022\/11\/12\/franco-stien-eletto-segretario-della-lega-a-feltre\/embed\/#?secret=PtYi8ZJUe8\" width=\"600\" height=\"338\" title=\"\u00ab\u00a0Franco Stien eletto segretario della Lega a Feltre\u00a0\u00bb &#8212; Bellunopress - Dolomiti\" data-secret=\"PtYi8ZJUe8\" frameborder=\"0\" marginwidth=\"0\" marginheight=\"0\" scrolling=\"no\" class=\"wp-embedded-content\"><\/iframe><script>\n\/*! This file is auto-generated *\/\n!function(d,l){\"use strict\";l.querySelector&&d.addEventListener&&\"undefined\"!=typeof URL&&(d.wp=d.wp||{},d.wp.receiveEmbedMessage||(d.wp.receiveEmbedMessage=function(e){var t=e.data;if((t||t.secret||t.message||t.value)&&!\/[^a-zA-Z0-9]\/.test(t.secret)){for(var s,r,n,a=l.querySelectorAll('iframe[data-secret=\"'+t.secret+'\"]'),o=l.querySelectorAll('blockquote[data-secret=\"'+t.secret+'\"]'),c=new RegExp(\"^https?:$\",\"i\"),i=0;i<o.length;i++)o[i].style.display=\"none\";for(i=0;i<a.length;i++)s=a[i],e.source===s.contentWindow&&(s.removeAttribute(\"style\"),\"height\"===t.message?(1e3<(r=parseInt(t.value,10))?r=1e3:~~r<200&&(r=200),s.height=r):\"link\"===t.message&&(r=new URL(s.getAttribute(\"src\")),n=new URL(t.value),c.test(n.protocol))&&n.host===r.host&&l.activeElement===s&&(d.top.location.href=t.value))}},d.addEventListener(\"message\",d.wp.receiveEmbedMessage,!1),l.addEventListener(\"DOMContentLoaded\",function(){for(var e,t,s=l.querySelectorAll(\"iframe.wp-embedded-content\"),r=0;r<s.length;r++)(t=(e=s[r]).getAttribute(\"data-secret\"))||(t=Math.random().toString(36).substring(2,12),e.src+=\"#?secret=\"+t,e.setAttribute(\"data-secret\",t)),e.contentWindow.postMessage({message:\"ready\",secret:t},\"*\")},!1)))}(window,document);\n\/\/# sourceURL=https:\/\/www.bellunopress.it\/wp-includes\/js\/wp-embed.min.js\n<\/script>","thumbnail_url":"https:\/\/www.bellunopress.it\/wp-content\/uploads\/2022\/11\/Franco-Stien-segretario-Lega-Feltre.jpg","thumbnail_width":552,"thumbnail_height":428,"description":"E&#8217; Franco Stien il nuovo segretario di sezione della Lega di Feltre. Militante da circa un anno, sostenitore da molto tempo, Stien \u00e8 stato eletto nel corso del congresso di venerd\u00ec sera. Nella stessa occasione \u00e8 stato rinnovato anche il consiglio direttivo che, per i prossimi tre anni, sar\u00e0 quindi cos\u00ec formato: Tiziana Penco (commissario [&hellip;]"}

E&#8217; Franco Stien il nuovo segretario di sezione della Lega di Feltre. Militante da circa un anno, sostenitore da molto tempo, Stien è stato eletto nel corso del congresso di venerdì sera. Nella stessa occasione è stato rinnovato anche il consiglio direttivo che, per i prossimi tre anni, sarà quindi così formato: Tiziana Penco (commissario [&hellip;]
