{"version":"1.0","provider_name":"Bellunopress - Dolomiti","provider_url":"https:\/\/www.bellunopress.it\/fr","author_name":"redazione","author_url":"https:\/\/www.bellunopress.it\/fr\/author\/redazione\/","title":"Soccorso escursionista sul Ta\u00e8 - Bellunopress - Dolomiti","type":"rich","width":600,"height":338,"html":"<blockquote class=\"wp-embedded-content\" data-secret=\"ijO5XIYhlZ\"><a href=\"https:\/\/www.bellunopress.it\/fr\/2014\/08\/23\/soccorso-escursionista-sul-tae\/\">Soccorso escursionista sul Ta\u00e8<\/a><\/blockquote><iframe sandbox=\"allow-scripts\" security=\"restricted\" src=\"https:\/\/www.bellunopress.it\/fr\/2014\/08\/23\/soccorso-escursionista-sul-tae\/embed\/#?secret=ijO5XIYhlZ\" width=\"600\" height=\"338\" title=\"\u00ab\u00a0Soccorso escursionista sul Ta\u00e8\u00a0\u00bb &#8212; Bellunopress - Dolomiti\" data-secret=\"ijO5XIYhlZ\" frameborder=\"0\" marginwidth=\"0\" marginheight=\"0\" scrolling=\"no\" class=\"wp-embedded-content\"><\/iframe><script>\n\/*! This file is auto-generated *\/\n!function(d,l){\"use strict\";l.querySelector&&d.addEventListener&&\"undefined\"!=typeof URL&&(d.wp=d.wp||{},d.wp.receiveEmbedMessage||(d.wp.receiveEmbedMessage=function(e){var t=e.data;if((t||t.secret||t.message||t.value)&&!\/[^a-zA-Z0-9]\/.test(t.secret)){for(var s,r,n,a=l.querySelectorAll('iframe[data-secret=\"'+t.secret+'\"]'),o=l.querySelectorAll('blockquote[data-secret=\"'+t.secret+'\"]'),c=new RegExp(\"^https?:$\",\"i\"),i=0;i<o.length;i++)o[i].style.display=\"none\";for(i=0;i<a.length;i++)s=a[i],e.source===s.contentWindow&&(s.removeAttribute(\"style\"),\"height\"===t.message?(1e3<(r=parseInt(t.value,10))?r=1e3:~~r<200&&(r=200),s.height=r):\"link\"===t.message&&(r=new URL(s.getAttribute(\"src\")),n=new URL(t.value),c.test(n.protocol))&&n.host===r.host&&l.activeElement===s&&(d.top.location.href=t.value))}},d.addEventListener(\"message\",d.wp.receiveEmbedMessage,!1),l.addEventListener(\"DOMContentLoaded\",function(){for(var e,t,s=l.querySelectorAll(\"iframe.wp-embedded-content\"),r=0;r<s.length;r++)(t=(e=s[r]).getAttribute(\"data-secret\"))||(t=Math.random().toString(36).substring(2,12),e.src+=\"#?secret=\"+t,e.setAttribute(\"data-secret\",t)),e.contentWindow.postMessage({message:\"ready\",secret:t},\"*\")},!1)))}(window,document);\n\/\/# sourceURL=https:\/\/www.bellunopress.it\/wp-includes\/js\/wp-embed.min.js\n<\/script>","description":"Cortina d&#8217;Ampezzo (BL), 23-08-14 &#8211;\u00a0Scendendo con un&#8217;altra persona dalla cima del Monte Ta\u00e8, a nord della Val di Fanes, un escursionista di Milano, F.D.B., 81 anni, \u00e8 scivolato procurandosi la sospetta frattura di un braccio. Dopo aver tentato di scendere per un tratto del sentiero, \u00e8 stato per\u00f2 inevitabile contattare il 118 attorno alle 13. [&hellip;]","thumbnail_url":"http:\/\/www.bellunopress.it\/wp-content\/uploads\/2011\/06\/soccorso-alpino-140x140.jpg"}

Soccorso escursionista sul Taè - Bellunopress - Dolomiti

<blockquote class="wp-embedded-content" data-secret="ijO5XIYhlZ"><a href="https://www.bellunopress.it/fr/2014/08/23/soccorso-escursionista-sul-tae/">Soccorso escursionista sul Taè</a></blockquote><iframe sandbox="allow-scripts" security="restricted" src="https://www.bellunopress.it/fr/2014/08/23/soccorso-escursionista-sul-tae/embed/#?secret=ijO5XIYhlZ" width="600" height="338" title="« Soccorso escursionista sul Taè » &#8212; Bellunopress - Dolomiti" data-secret="ijO5XIYhlZ" frameborder="0" marginwidth="0" marginheight="0" scrolling="no" class="wp-embedded-content"></iframe><script>
/*! This file is auto-generated */
!function(d,l){"use strict";l.querySelector&&d.addEventListener&&"undefined"!=typeof URL&&(d.wp=d.wp||{},d.wp.receiveEmbedMessage||(d.wp.receiveEmbedMessage=function(e){var t=e.data;if((t||t.secret||t.message||t.value)&&!/[^a-zA-Z0-9]/.test(t.secret)){for(var s,r,n,a=l.querySelectorAll('iframe[data-secret="'+t.secret+'"]'),o=l.querySelectorAll('blockquote[data-secret="'+t.secret+'"]'),c=new RegExp("^https?:$","i"),i=0;i<o.length;i++)o[i].style.display="none";for(i=0;i<a.length;i++)s=a[i],e.source===s.contentWindow&&(s.removeAttribute("style"),"height"===t.message?(1e3<(r=parseInt(t.value,10))?r=1e3:~~r<200&&(r=200),s.height=r):"link"===t.message&&(r=new URL(s.getAttribute("src")),n=new URL(t.value),c.test(n.protocol))&&n.host===r.host&&l.activeElement===s&&(d.top.location.href=t.value))}},d.addEventListener("message",d.wp.receiveEmbedMessage,!1),l.addEventListener("DOMContentLoaded",function(){for(var e,t,s=l.querySelectorAll("iframe.wp-embedded-content"),r=0;r<s.length;r++)(t=(e=s[r]).getAttribute("data-secret"))||(t=Math.random().toString(36).substring(2,12),e.src+="#?secret="+t,e.setAttribute("data-secret",t)),e.contentWindow.postMessage({message:"ready",secret:t},"*")},!1)))}(window,document);
//# sourceURL=https://www.bellunopress.it/wp-includes/js/wp-embed.min.js
</script>

Cortina d&#8217;Ampezzo (BL), 23-08-14 &#8211; Scendendo con un&#8217;altra persona dalla cima del Monte Taè, a nord della Val di Fanes, un escursionista di Milano, F.D.B., 81 anni, è scivolato procurandosi la sospetta frattura di un braccio. Dopo aver tentato di scendere per un tratto del sentiero, è stato però inevitabile contattare il 118 attorno alle 13. [&hellip;]
