{"version":"1.0","provider_name":"Bellunopress - Dolomiti","provider_url":"https:\/\/www.bellunopress.it\/fr","author_name":"redazione","author_url":"https:\/\/www.bellunopress.it\/fr\/author\/redazione\/","title":"L'Italia \u00e8 promossa  * di Edoardo Varini - Bellunopress - Dolomiti","type":"rich","width":600,"height":338,"html":"<blockquote class=\"wp-embedded-content\" data-secret=\"wh2J0FDct0\"><a href=\"https:\/\/www.bellunopress.it\/fr\/2013\/02\/26\/litalia-e-promossa-di-edoardo-varini\/\">L&#8217;Italia \u00e8 promossa   * di Edoardo Varini<\/a><\/blockquote><iframe sandbox=\"allow-scripts\" security=\"restricted\" src=\"https:\/\/www.bellunopress.it\/fr\/2013\/02\/26\/litalia-e-promossa-di-edoardo-varini\/embed\/#?secret=wh2J0FDct0\" width=\"600\" height=\"338\" title=\"\u00ab\u00a0L&#8217;Italia \u00e8 promossa   * di Edoardo Varini\u00a0\u00bb &#8212; Bellunopress - Dolomiti\" data-secret=\"wh2J0FDct0\" frameborder=\"0\" marginwidth=\"0\" marginheight=\"0\" scrolling=\"no\" class=\"wp-embedded-content\"><\/iframe><script>\n\/*! This file is auto-generated *\/\n!function(d,l){\"use strict\";l.querySelector&&d.addEventListener&&\"undefined\"!=typeof URL&&(d.wp=d.wp||{},d.wp.receiveEmbedMessage||(d.wp.receiveEmbedMessage=function(e){var t=e.data;if((t||t.secret||t.message||t.value)&&!\/[^a-zA-Z0-9]\/.test(t.secret)){for(var s,r,n,a=l.querySelectorAll('iframe[data-secret=\"'+t.secret+'\"]'),o=l.querySelectorAll('blockquote[data-secret=\"'+t.secret+'\"]'),c=new RegExp(\"^https?:$\",\"i\"),i=0;i<o.length;i++)o[i].style.display=\"none\";for(i=0;i<a.length;i++)s=a[i],e.source===s.contentWindow&&(s.removeAttribute(\"style\"),\"height\"===t.message?(1e3<(r=parseInt(t.value,10))?r=1e3:~~r<200&&(r=200),s.height=r):\"link\"===t.message&&(r=new URL(s.getAttribute(\"src\")),n=new URL(t.value),c.test(n.protocol))&&n.host===r.host&&l.activeElement===s&&(d.top.location.href=t.value))}},d.addEventListener(\"message\",d.wp.receiveEmbedMessage,!1),l.addEventListener(\"DOMContentLoaded\",function(){for(var e,t,s=l.querySelectorAll(\"iframe.wp-embedded-content\"),r=0;r<s.length;r++)(t=(e=s[r]).getAttribute(\"data-secret\"))||(t=Math.random().toString(36).substring(2,12),e.src+=\"#?secret=\"+t,e.setAttribute(\"data-secret\",t)),e.contentWindow.postMessage({message:\"ready\",secret:t},\"*\")},!1)))}(window,document);\n\/\/# sourceURL=https:\/\/www.bellunopress.it\/wp-includes\/js\/wp-embed.min.js\n<\/script>","description":"Il malcelato ringhio di Vespa, di tanto in tanto, involontario. Il labbro sinistro che scopre i canini, smussati, come mai. Non \u00e8 aggressivit\u00e0, \u00e8 paura. La stessa dei mercati odierni, che picchiano al basso come Francesco Baracca sul suo biplano B\u00e9b\u00e9. \u00c8 dalla notte elettorale di ieri che la giovinezza fa paura. Il Movimento 5 [&hellip;]","thumbnail_url":"http:\/\/www.bellunopress.it\/wp-content\/uploads\/2009\/06\/parlamento-leggera.jpg"}

L'Italia è promossa  * di Edoardo Varini - Bellunopress - Dolomiti

<blockquote class="wp-embedded-content" data-secret="wh2J0FDct0"><a href="https://www.bellunopress.it/fr/2013/02/26/litalia-e-promossa-di-edoardo-varini/">L&#8217;Italia è promossa   * di Edoardo Varini</a></blockquote><iframe sandbox="allow-scripts" security="restricted" src="https://www.bellunopress.it/fr/2013/02/26/litalia-e-promossa-di-edoardo-varini/embed/#?secret=wh2J0FDct0" width="600" height="338" title="« L&#8217;Italia è promossa   * di Edoardo Varini » &#8212; Bellunopress - Dolomiti" data-secret="wh2J0FDct0" frameborder="0" marginwidth="0" marginheight="0" scrolling="no" class="wp-embedded-content"></iframe><script>
/*! This file is auto-generated */
!function(d,l){"use strict";l.querySelector&&d.addEventListener&&"undefined"!=typeof URL&&(d.wp=d.wp||{},d.wp.receiveEmbedMessage||(d.wp.receiveEmbedMessage=function(e){var t=e.data;if((t||t.secret||t.message||t.value)&&!/[^a-zA-Z0-9]/.test(t.secret)){for(var s,r,n,a=l.querySelectorAll('iframe[data-secret="'+t.secret+'"]'),o=l.querySelectorAll('blockquote[data-secret="'+t.secret+'"]'),c=new RegExp("^https?:$","i"),i=0;i<o.length;i++)o[i].style.display="none";for(i=0;i<a.length;i++)s=a[i],e.source===s.contentWindow&&(s.removeAttribute("style"),"height"===t.message?(1e3<(r=parseInt(t.value,10))?r=1e3:~~r<200&&(r=200),s.height=r):"link"===t.message&&(r=new URL(s.getAttribute("src")),n=new URL(t.value),c.test(n.protocol))&&n.host===r.host&&l.activeElement===s&&(d.top.location.href=t.value))}},d.addEventListener("message",d.wp.receiveEmbedMessage,!1),l.addEventListener("DOMContentLoaded",function(){for(var e,t,s=l.querySelectorAll("iframe.wp-embedded-content"),r=0;r<s.length;r++)(t=(e=s[r]).getAttribute("data-secret"))||(t=Math.random().toString(36).substring(2,12),e.src+="#?secret="+t,e.setAttribute("data-secret",t)),e.contentWindow.postMessage({message:"ready",secret:t},"*")},!1)))}(window,document);
//# sourceURL=https://www.bellunopress.it/wp-includes/js/wp-embed.min.js
</script>

Il malcelato ringhio di Vespa, di tanto in tanto, involontario. Il labbro sinistro che scopre i canini, smussati, come mai. Non è aggressività, è paura. La stessa dei mercati odierni, che picchiano al basso come Francesco Baracca sul suo biplano Bébé. È dalla notte elettorale di ieri che la giovinezza fa paura. Il Movimento 5 [&hellip;]
