{"version":"1.0","provider_name":"Bellunopress - Dolomiti","provider_url":"https:\/\/www.bellunopress.it\/fr","author_name":"redazione","author_url":"https:\/\/www.bellunopress.it\/fr\/author\/redazione\/","title":"Bard e autonomia * di Silvano Martini - Bellunopress - Dolomiti","type":"rich","width":600,"height":338,"html":"<blockquote class=\"wp-embedded-content\" data-secret=\"qOs6pQd1W1\"><a href=\"https:\/\/www.bellunopress.it\/fr\/2012\/12\/19\/bard-e-autonomia-di-silvano-martini\/\">Bard e autonomia * di Silvano Martini<\/a><\/blockquote><iframe sandbox=\"allow-scripts\" security=\"restricted\" src=\"https:\/\/www.bellunopress.it\/fr\/2012\/12\/19\/bard-e-autonomia-di-silvano-martini\/embed\/#?secret=qOs6pQd1W1\" width=\"600\" height=\"338\" title=\"\u00ab\u00a0Bard e autonomia * di Silvano Martini\u00a0\u00bb &#8212; Bellunopress - Dolomiti\" data-secret=\"qOs6pQd1W1\" frameborder=\"0\" marginwidth=\"0\" marginheight=\"0\" scrolling=\"no\" class=\"wp-embedded-content\"><\/iframe><script>\n\/*! This file is auto-generated *\/\n!function(d,l){\"use strict\";l.querySelector&&d.addEventListener&&\"undefined\"!=typeof URL&&(d.wp=d.wp||{},d.wp.receiveEmbedMessage||(d.wp.receiveEmbedMessage=function(e){var t=e.data;if((t||t.secret||t.message||t.value)&&!\/[^a-zA-Z0-9]\/.test(t.secret)){for(var s,r,n,a=l.querySelectorAll('iframe[data-secret=\"'+t.secret+'\"]'),o=l.querySelectorAll('blockquote[data-secret=\"'+t.secret+'\"]'),c=new RegExp(\"^https?:$\",\"i\"),i=0;i<o.length;i++)o[i].style.display=\"none\";for(i=0;i<a.length;i++)s=a[i],e.source===s.contentWindow&&(s.removeAttribute(\"style\"),\"height\"===t.message?(1e3<(r=parseInt(t.value,10))?r=1e3:~~r<200&&(r=200),s.height=r):\"link\"===t.message&&(r=new URL(s.getAttribute(\"src\")),n=new URL(t.value),c.test(n.protocol))&&n.host===r.host&&l.activeElement===s&&(d.top.location.href=t.value))}},d.addEventListener(\"message\",d.wp.receiveEmbedMessage,!1),l.addEventListener(\"DOMContentLoaded\",function(){for(var e,t,s=l.querySelectorAll(\"iframe.wp-embedded-content\"),r=0;r<s.length;r++)(t=(e=s[r]).getAttribute(\"data-secret\"))||(t=Math.random().toString(36).substring(2,12),e.src+=\"#?secret=\"+t,e.setAttribute(\"data-secret\",t)),e.contentWindow.postMessage({message:\"ready\",secret:t},\"*\")},!1)))}(window,document);\n\/\/# sourceURL=https:\/\/www.bellunopress.it\/wp-includes\/js\/wp-embed.min.js\n<\/script>","description":"Il movimento BARD &#8211; Belluno Autonoma Regione Dolomiti gode di un buon seguito in provincia di Belluno e da quando la Provincia di Belluno \u00e8 commissariata \u00e8 diventato un punto di riferimento per tutto il territorio. Un mese fa il BARD \u00e8 stato motore di una manifestazione che ha coinvolto migliaia di persone alla quale [&hellip;]","thumbnail_url":"http:\/\/www.bellunopress.it\/wp-content\/uploads\/2012\/05\/Silvano-Martini.jpg"}

Il movimento BARD &#8211; Belluno Autonoma Regione Dolomiti gode di un buon seguito in provincia di Belluno e da quando la Provincia di Belluno è commissariata è diventato un punto di riferimento per tutto il territorio. Un mese fa il BARD è stato motore di una manifestazione che ha coinvolto migliaia di persone alla quale [&hellip;]
