{"version":"1.0","provider_name":"Bellunopress - Dolomiti","provider_url":"https:\/\/www.bellunopress.it\/fr","author_name":"redazione","author_url":"https:\/\/www.bellunopress.it\/fr\/author\/redazione\/","title":"Martedi al Commercio \"Pensierinversi\"   - Bellunopress - Dolomiti","type":"rich","width":600,"height":338,"html":"<blockquote class=\"wp-embedded-content\" data-secret=\"65H9HIFvdC\"><a href=\"https:\/\/www.bellunopress.it\/fr\/2011\/12\/26\/martedi-al-commercio-pensierinversi\/\">Martedi al Commercio &#8220;Pensierinversi&#8221;<\/a><\/blockquote><iframe sandbox=\"allow-scripts\" security=\"restricted\" src=\"https:\/\/www.bellunopress.it\/fr\/2011\/12\/26\/martedi-al-commercio-pensierinversi\/embed\/#?secret=65H9HIFvdC\" width=\"600\" height=\"338\" title=\"\u00ab\u00a0Martedi al Commercio &#8220;Pensierinversi&#8221;\u00a0\u00bb &#8212; Bellunopress - Dolomiti\" data-secret=\"65H9HIFvdC\" frameborder=\"0\" marginwidth=\"0\" marginheight=\"0\" scrolling=\"no\" class=\"wp-embedded-content\"><\/iframe><script>\n\/*! This file is auto-generated *\/\n!function(d,l){\"use strict\";l.querySelector&&d.addEventListener&&\"undefined\"!=typeof URL&&(d.wp=d.wp||{},d.wp.receiveEmbedMessage||(d.wp.receiveEmbedMessage=function(e){var t=e.data;if((t||t.secret||t.message||t.value)&&!\/[^a-zA-Z0-9]\/.test(t.secret)){for(var s,r,n,a=l.querySelectorAll('iframe[data-secret=\"'+t.secret+'\"]'),o=l.querySelectorAll('blockquote[data-secret=\"'+t.secret+'\"]'),c=new RegExp(\"^https?:$\",\"i\"),i=0;i<o.length;i++)o[i].style.display=\"none\";for(i=0;i<a.length;i++)s=a[i],e.source===s.contentWindow&&(s.removeAttribute(\"style\"),\"height\"===t.message?(1e3<(r=parseInt(t.value,10))?r=1e3:~~r<200&&(r=200),s.height=r):\"link\"===t.message&&(r=new URL(s.getAttribute(\"src\")),n=new URL(t.value),c.test(n.protocol))&&n.host===r.host&&l.activeElement===s&&(d.top.location.href=t.value))}},d.addEventListener(\"message\",d.wp.receiveEmbedMessage,!1),l.addEventListener(\"DOMContentLoaded\",function(){for(var e,t,s=l.querySelectorAll(\"iframe.wp-embedded-content\"),r=0;r<s.length;r++)(t=(e=s[r]).getAttribute(\"data-secret\"))||(t=Math.random().toString(36).substring(2,12),e.src+=\"#?secret=\"+t,e.setAttribute(\"data-secret\",t)),e.contentWindow.postMessage({message:\"ready\",secret:t},\"*\")},!1)))}(window,document);\n\/\/# sourceURL=https:\/\/www.bellunopress.it\/wp-includes\/js\/wp-embed.min.js\n<\/script>","description":"Il Gruppo dei poeti erranti del Bellunese Pensierinversi, invita ad ascoltare la sua poesia sul tema del tempo che passa. Marted\u00ec 27 dicembre alle ore 18 il Caff\u00e8 Commercio in via Roma a Belluno ospita chiunque tra il pubblico che vorr\u00e0 leggere il proprio componimento. Fino a chiusura della serata.\u00a0\u00a0","thumbnail_url":"http:\/\/www.bellunopress.it\/wp-content\/uploads\/2010\/10\/caffe-commercio-270x200.jpg"}

Il Gruppo dei poeti erranti del Bellunese Pensierinversi, invita ad ascoltare la sua poesia sul tema del tempo che passa. Martedì 27 dicembre alle ore 18 il Caffè Commercio in via Roma a Belluno ospita chiunque tra il pubblico che vorrà leggere il proprio componimento. Fino a chiusura della serata.
