{"version":"1.0","provider_name":"Bellunopress - Dolomiti","provider_url":"https:\/\/www.bellunopress.it\/fr","author_name":"redazione","author_url":"https:\/\/www.bellunopress.it\/fr\/author\/redazione\/","title":"L'assessore regionale Donazzan e i centri commerciali  - Bellunopress - Dolomiti","type":"rich","width":600,"height":338,"html":"<blockquote class=\"wp-embedded-content\" data-secret=\"ybgHjSG1wB\"><a href=\"https:\/\/www.bellunopress.it\/fr\/2011\/01\/21\/lassessore-regionale-donazzan-e-i-centri-commerciali\/\">L&#8217;assessore regionale Donazzan e i centri commerciali<\/a><\/blockquote><iframe sandbox=\"allow-scripts\" security=\"restricted\" src=\"https:\/\/www.bellunopress.it\/fr\/2011\/01\/21\/lassessore-regionale-donazzan-e-i-centri-commerciali\/embed\/#?secret=ybgHjSG1wB\" width=\"600\" height=\"338\" title=\"\u00ab\u00a0L&#8217;assessore regionale Donazzan e i centri commerciali\u00a0\u00bb &#8212; Bellunopress - Dolomiti\" data-secret=\"ybgHjSG1wB\" frameborder=\"0\" marginwidth=\"0\" marginheight=\"0\" scrolling=\"no\" class=\"wp-embedded-content\"><\/iframe><script>\n\/*! This file is auto-generated *\/\n!function(d,l){\"use strict\";l.querySelector&&d.addEventListener&&\"undefined\"!=typeof URL&&(d.wp=d.wp||{},d.wp.receiveEmbedMessage||(d.wp.receiveEmbedMessage=function(e){var t=e.data;if((t||t.secret||t.message||t.value)&&!\/[^a-zA-Z0-9]\/.test(t.secret)){for(var s,r,n,a=l.querySelectorAll('iframe[data-secret=\"'+t.secret+'\"]'),o=l.querySelectorAll('blockquote[data-secret=\"'+t.secret+'\"]'),c=new RegExp(\"^https?:$\",\"i\"),i=0;i<o.length;i++)o[i].style.display=\"none\";for(i=0;i<a.length;i++)s=a[i],e.source===s.contentWindow&&(s.removeAttribute(\"style\"),\"height\"===t.message?(1e3<(r=parseInt(t.value,10))?r=1e3:~~r<200&&(r=200),s.height=r):\"link\"===t.message&&(r=new URL(s.getAttribute(\"src\")),n=new URL(t.value),c.test(n.protocol))&&n.host===r.host&&l.activeElement===s&&(d.top.location.href=t.value))}},d.addEventListener(\"message\",d.wp.receiveEmbedMessage,!1),l.addEventListener(\"DOMContentLoaded\",function(){for(var e,t,s=l.querySelectorAll(\"iframe.wp-embedded-content\"),r=0;r<s.length;r++)(t=(e=s[r]).getAttribute(\"data-secret\"))||(t=Math.random().toString(36).substring(2,12),e.src+=\"#?secret=\"+t,e.setAttribute(\"data-secret\",t)),e.contentWindow.postMessage({message:\"ready\",secret:t},\"*\")},!1)))}(window,document);\n\/\/# sourceURL=https:\/\/www.bellunopress.it\/wp-includes\/js\/wp-embed.min.js\n<\/script>","description":"\u201cIn merito alla discussione di questi giorni, desidero precisare che la mia posizione relativamente ai centri commerciali \u00e8 nota da sempre ed \u00e8 di contrariet\u00e0. Ritengo infatti che debba essere difeso e preservato il modello del piccolo esercizio e dei centri commerciali a cielo aperto quali sono i centri storici delle nostre bellissime citt\u00e0, che [&hellip;]","thumbnail_url":"http:\/\/www.bellunopress.it\/wp-content\/uploads\/2010\/09\/elena-donazzan-270x190.jpg"}

“In merito alla discussione di questi giorni, desidero precisare che la mia posizione relativamente ai centri commerciali è nota da sempre ed è di contrarietà. Ritengo infatti che debba essere difeso e preservato il modello del piccolo esercizio e dei centri commerciali a cielo aperto quali sono i centri storici delle nostre bellissime città, che [&hellip;]
